 k and 12?
12
Let g = 3 + 0. Let d(q) = -3*q + 3. Let y be d(g). Let a = y + 8. What is the greatest common factor of 14 and a?
2
Suppose 2*f - 4 - 20 = 0. Suppose -4*b = -3*p + 25, -2*b + 2*p = -2*p + 20. Let a = b - -10. What is the highest common divisor of f and a?
6
Suppose -4*r - 5*c + 2*c + 101 = 0, 0 = -r - 3*c + 23. Calculate the highest common divisor of r and 13.
13
Let b be (2/(-10)*8)/(2/(-35)). Suppose -4*x + c = 2*c - 59, c - 3 = 0. Calculate the highest common factor of b and x.
14
Suppose r + 262 = -4*v, -3*r = v - 3*v - 124. Let a = v - -120. Calculate the highest common divisor of a and 5.
5
Let f(y) = 3*y + 2. Let h be f(7). Let k = h + -14. What is the greatest common factor of 63 and k?
9
Let r = -4 + 6. Let v(w) = 60*w + 2. Let s be v(r). Suppose 3*q = -p + s, 2*q - 5 = -3*q. What is the greatest common divisor of 17 and p?
17
Suppose -6*l = -2*l + 16. Let i(u) = -u**3 + u**2 + 5*u + 4. Let y be i(l). What is the greatest common factor of y and 16?
16
Suppose -2*f = -4*u, -f + 26 = 3*u + 4*f. Suppose -t = -u*t + 72. Calculate the greatest common factor of 36 and t.
36
Suppose -k + y + 64 = -93, 2*k = 3*y + 311. What is the greatest common factor of k and 20?
20
Let c = -9 + 21. Suppose 0*j - 4*j = -c. Suppose 2*a + n + n - 176 = 0, 0 = j*a - 5*n - 280. Calculate the highest common factor of a and 10.
10
Let w = 109 - 59. What is the greatest common factor of 10 and w?
10
Suppose -5*y + 80 = -0*y. Let l(c) = c**3 + 9*c**2 - 8*c + 10. Let s be l(-8). Let x = 266 - s. Calculate the highest common factor of x and y.
16
Let c(l) = l**3 + 5*l**2 + 4. Let n be c(-5). Let g be (-8)/((n/(-5))/2). Calculate the greatest common factor of g and 30.
10
Let p(s) = -s**3 + 4*s**2 + 3*s + 5. Let k be p(4). Suppose b - 543 = -144. Suppose -b = -3*n + 60. Calculate the greatest common divisor of n and k.
17
Suppose -5*w + 5*r = -15, 2*w + 0*r = 3*r + 6. Suppose -o + w = -5. Let d be 41 - -2*(-1)/2. What is the highest common factor of o and d?
8
Let y(o) = -10*o - 3. Suppose -5*d = 0, 5 = -4*n - n + d. Let u be y(n). What is the greatest common factor of 7 and u?
7
Suppose -47 = 2*a - 159. What is the greatest common factor of a and 24?
8
Suppose -3*q = -8*q + 5*z + 185, -3*z - 78 = -2*q. Let v(r) = r + 6. Let n be v(5). What is the highest common factor of q and n?
11
Suppose 4*o - 208 = 60. Let d = o + -37. What is the greatest common factor of d and 6?
6
Let v(b) = b**2 - 22*b + 18. Let o be v(24). What is the highest common divisor of 165 and o?
33
Let y be (-4)/((-140)/65 - -2). What is the highest common factor of y and 39?
13
Suppose -2*n + 918 = 42. Let v = 614 - n. Calculate the highest common divisor of 16 and v.
16
Let o be (-4)/(4*(-2)/12). Calculate the greatest common divisor of o and 24.
6
Let u be (0 + -3)*(-3 + -1). Suppose -10*c + u*c - 28 = 0. What is the highest common factor of c and 28?
14
Let h(d) = -4*d + 5. Let f be h(-3). Let k(j) = 0 - 6*j + 0 + 3. Let w be k(-8). Calculate the greatest common factor of w and f.
17
Suppose 5*n + q - 10 = 0, -13 + 3 = -5*n - 3*q. Calculate the highest common factor of n and 6.
2
Let s be 1 + (12/4 - -10). Calculate the highest common factor of 14 and s.
14
Suppose -3*k - 2*k = -3*p - 3, -p + 2*k = 2. Suppose p*m + 3*w - 2*w = 228, -68 = -m - 3*w. Calculate the greatest common divisor of 7 and m.
7
Suppose -5*k + 16 = 3*c - 15, 0 = -3*c - 2*k + 16. Calculate the greatest common divisor of 22 and c.
2
Suppose -c - 17 - 7 = 0. Let q be (-42)/c*(51 + 1). Calculate the greatest common factor of 13 and q.
13
Let a(y) = -2*y + 7. Let o be a(6). Let z = 7 + o. What is the highest common factor of 1 and z?
1
Let w be (-8)/20*1*-10. Let n = 12 + 32. Calculate the highest common divisor of w and n.
4
Suppose -4*b = -9*b + 60. What is the highest common factor of b and 24?
12
Let q = 1 + 39. Suppose 5*h - q = -0*h. What is the greatest common divisor of h and 8?
8
Suppose 2*s + 7 - 58 = -5*d, -5*s - 5*d + 90 = 0. Let g be s/(-2)*(3 + 1). Let t be g/(-4)*(-32)/(-2). Calculate the highest common factor of t and 13.
13
Let t be -4*(-7)/(-14) - -8. Let f be 1 + 2/(-2 - -4). Let i be f/(-5) - (-47)/5. Calculate the highest common divisor of t and i.
3
Let p(q) = -q + 1. Let v(a) = -4*a + 8. Let k(d) = 2*p(d) - v(d). Let j = 22 - 13. Let n be k(j). What is the greatest common factor of n and 12?
12
Let i be ((-4)/(-10))/((-13)/(-260)). Calculate the highest common divisor of 48 and i.
8
Suppose -4*p + 2*f = -8 - 4, p + 3*f = -4. Suppose 0*w - 9 = -3*w. Suppose -w*t = 2*t - p*q - 10, -3*t + 7 = -q. What is the greatest common factor of 36 and t?
4
Let d(j) = -j**2 - 5*j + 3. Let n be d(-5). What is the greatest common divisor of n and 30?
3
Let s(g) = -5*g - 7. Let z be s(-5). Calculate the highest common factor of z and 2.
2
Let v = 12 + -1. Suppose 0 = 4*x + t - 47, -3*x + t + 22 + 8 = 0. Calculate the highest common divisor of v and x.
11
Let a = 0 - -85. Calculate the greatest common divisor of a and 17.
17
Let w be 35/(-2)*(-92)/115. Suppose -3*i = 2*i - 10. Calculate the greatest common factor of w and i.
2
Let t be 2/(-3)*54/(-12). Suppose -20 = -7*q + t*q. Suppose -90 = -5*c - q*y, -4*c + 30 = -2*c - y. Calculate the greatest common factor of 128 and c.
16
Let a(w) = 4*w + 4. Suppose 6*o + 36 = 4*b + 2*o, 0 = 5*b + 4*o - 36. Let p be a(b). What is the greatest common divisor of p and 4?
4
Let k(x) = -67*x + 1. Let i be k(-3). Suppose -7*f + 2*f + 214 = w, -5*f = -2*w - i. Calculate the greatest common factor of f and 28.
14
Suppose -3*k + 282 = 3*k. Suppose 178 = 3*t - k. Calculate the greatest common divisor of t and 30.
15
Let s be (-2)/(1/((-4)/2)). Suppose -6*l + s*l + 38 = 0. Suppose 0 = -y + o + 77, 0 = 3*y - 0*y - 5*o - 233. Calculate the highest common divisor of y and l.
19
Let y be 76*18/84 - 6/21. What is the greatest common factor of 4 and y?
4
Suppose 4*s - 33 + 5 = 0. Let o be 2/s + 412/28. Calculate the highest common factor of 105 and o.
15
Let s be -4 - ((-2 - -4) + -3). Let u be (48/(-30))/(s/105). What is the highest common divisor of 8 and u?
8
Suppose 2 = 2*u - 12. Suppose 10 = -2*k, -3*r - 4*k - 13 = 1. Suppose 3*y - 104 = -2*w, 170 = u*y - r*y + 5*w. Calculate the greatest common divisor of y and 9.
9
Let q(z) = z + 9. Let v be q(-8). Let b be (-52)/(-12) + (-10)/(-15). Calculate the highest common factor of v and b.
1
Suppose 0 = 4*p - 2*y - 332, 0 = 4*p + 4*y - 328 + 20. Suppose -2*f + 19 - 4 = z, -5*z = -2*f - 39. What is the greatest common divisor of p and z?
9
Let i be ((-6)/8)/(21/(-56)). Let s = 0 + i. Suppose s*l - 20 = a, 5*l - 2*l - 2*a = 31. Calculate the greatest common factor of l and 63.
9
Suppose -3*m + 17 = -q - 2, 0 = 2*m + 3*q - 20. What is the greatest common factor of 21 and m?
7
Let s be -1 - (-177 + (-8)/2). Let p be (-2)/2*-4*5. Calculate the greatest common factor of p and s.
20
Let d(v) = -6*v**3 - 2*v**2 + 4. Let x be d(-2). What is the greatest common factor of 11 and x?
11
Suppose 13 = -w + 3*w + 5*h, 64 = 5*w + 2*h. What is the highest common factor of w and 14?
14
Suppose g = -2*g + 117. What is the greatest common factor of g and 429?
39
Let o(k) = -k**3 - 5*k**2 + 4*k - 2. Let q be o(-6). What is the highest common factor of 110 and q?
10
Let d = -7 + 11. Let a(t) = -2*t**2 - 5 + 4 + 1 - 4*t**3 + d*t - 1. Let f be a(-3). Calculate the highest common factor of 7 and f.
7
Suppose 0 = 4*p - 32 - 112. Calculate the highest common divisor of 12 and p.
12
Let g(r) = r**2 + 8*r + 4. Let l be g(-8). Suppose l*n + 1 = -3. Let m be 3*(39/9 + n). Calculate the highest common factor of m and 1.
1
Suppose -5*s + 165 = -0*s. Let z be (1 - 0)/(3/s). Let h = 66 + -22. Calculate the highest common divisor of z and h.
11
Suppose 5*z - 150 = 135. Calculate the greatest common factor of z and 19.
19
Let w = -22 - -23. Calculate the greatest common divisor of 7 and w.
1
Let b be 3*(-2 - (-3)/3). Let q be (-2)/(-3) + (-16)/b. Suppose -3*g - 50 = -8*g - 5*y, -2*g + 5*y + q = 0. What is the highest common divisor of 32 and g?
8
Let l(c) = c + 2. Let t be l(-4). Let p be t/(-5) + (-2808)/20. Let g = 294 + p. What is the greatest common divisor of 14 and g?
14
Let u be (1 - 0/1) + 14. Suppose -16*n - 25 = -11*n. Let o = n + u. Calculate the greatest common